 highest common factor of j and k.
20
Let r be ((-9)/(-4))/((-282)/(-6016)). Calculate the greatest common divisor of r and 1744.
16
Let b be (-1 - -79)*(-895)/(-358). Calculate the highest common factor of 435 and b.
15
Let t be (0/(-2))/(4/(-2)). Suppose x - 2*h - 383 = -t*h, h = 2*x - 757. Let b be (-1)/4 - x/(-52). Calculate the highest common factor of 7 and b.
7
Let d be 4*1 + 5134/34. Let q = d + -60. Calculate the greatest common factor of 57 and q.
19
Suppose 5*o = -2*f + 193, -2*f + 46 = -o + 63. What is the greatest common factor of o and 28385?
35
Let w(i) = -88*i + 8045. Let s be w(89). Calculate the highest common divisor of s and 6.
3
Suppose -95*u = -119*u + 1008. What is the greatest common divisor of 14 and u?
14
Suppose 9*r = 158 + 472. Suppose -5*y = j - 155, 2*y - r = -5*j + 3*j. What is the greatest common divisor of 40 and y?
10
Let m = -1034 + 1094. Let l(b) = 10*b. Let q be l(3). Calculate the highest common factor of q and m.
30
Suppose 4*c + 3 = 3*c, 2*l + 5*c = 299. Let v = -222 + l. Let r = -2 - v. What is the greatest common factor of 18 and r?
9
Suppose 6*q - 3*q = -2*f + 1303, 20 = 4*q. Suppose -25*b + 14144 = f. Calculate the highest common divisor of b and 20.
20
Let h(u) = -4*u**3 + 32*u**2 + 27*u + 84. Let t be h(-5). What is the greatest common divisor of t and 1?
1
Let w(b) = -b**3 + 26*b**2 + 31*b - 60. Let r be w(27). Let p = -94 - -142. What is the highest common factor of r and p?
48
Let c = -5278 + 5683. What is the highest common divisor of 435 and c?
15
Suppose -24*d + 6373 = -347. What is the greatest common divisor of d and 315?
35
Let h = 2814 - 2785. Calculate the greatest common divisor of h and 9599.
29
Let w = 5382 + -5337. What is the greatest common divisor of 1875 and w?
15
Suppose 3*p - 5 = 2*p. Let h be (-2*(-2)/12)/((-2464)/(-63) + -39). Calculate the highest common divisor of p and h.
1
Suppose -r = -3*g - 49, 0 = -3*r - 962*g + 961*g + 157. What is the greatest common divisor of 20 and r?
4
Let u(v) = 218*v**3 + 5*v**2 + 4*v - 3. Let x be u(3). Suppose -4*l = -34*l + x. What is the greatest common factor of 18 and l?
18
Let g be 1 - (-124)/(-8)*-2. Let w = g + 114. Suppose -2*p + 4*c = -7*p + w, c - 30 = -p. What is the highest common divisor of 39 and p?
13
Suppose 6*c - 288 = -3*x + 2*c, 0 = -3*x - 9*c + 273. What is the greatest common divisor of 15725 and x?
25
Let v(f) = f**3 - 6*f**2 + f + 9. Let b be v(4). Let x = b - 5. Let u be (-4)/x*-2 + 43/3. Calculate the greatest common divisor of 70 and u.
14
Let z = 1462 - 1397. Calculate the greatest common divisor of z and 5.
5
Suppose 4 = 4*k, 3*h + 2*k - 1 = 16. Suppose -2*d + 3*d = h*n + 13, 2*d = 3*n + 12. What is the greatest common divisor of 8 and d?
1
Let c be -5 + -1 + -3*4/(-6). Let y be 40*(c/1 + 5). Let i be y/6 + (-80)/(-15) + -5. Calculate the greatest common factor of i and 35.
7
Let i(t) = 7*t**2 - 28*t + 65. Suppose -j + 6 = -x, 2*x - 10 = -4*j - 4. Let h be i(j). What is the greatest common divisor of h and 66?
22
Suppose -5*b + 8 = -4*b. Let g = 0 + 5. Suppose -4*z + 3*r + 88 = -r, 3*z - 50 = -g*r. What is the greatest common divisor of b and z?
4
Suppose 4 = -5*s + 3*s, -5*s + 15 = c. What is the highest common divisor of 3 and c?
1
Let s be (35/(-14) + 5)*2 + 3. Let t(k) = -k**3 + 11*k**2 - 8*k - 14. Let l be t(10). Calculate the greatest common factor of l and s.
2
Let a be (-1485)/99 + 14774/2. What is the greatest common factor of 76 and a?
76
Let h = -2549 - -4492. What is the highest common factor of 67 and h?
67
Let w(t) = -t**3 + 4*t**2 + 19*t - 9. Let z be w(8). Let c = -152 - z. Let i be 222/5 - (3 + c/15). What is the greatest common factor of 110 and i?
22
Let k = -9105 + 12084. What is the greatest common factor of 662 and k?
331
Suppose 2*y = 4*y - 120. Let a = y + -81. Let z = 24 + a. What is the greatest common factor of z and 27?
3
Let j = 879 - 586. Suppose -j = -9*s + 220. Calculate the highest common divisor of s and 57.
57
Suppose c = 1 + 6. Suppose 5*m - c - 3 = 0. Let w = -659 - -665. Calculate the greatest common factor of w and m.
2
Suppose 198 = 2*q + 2*a, 333*a - 337*a - 396 = -4*q. What is the greatest common factor of q and 693?
99
Suppose -b - 3 = -15. Let c be 36/(-144) - 1014/(-24). What is the highest common factor of b and c?
6
Let o = -64 - -293. Let r = -133 + o. What is the highest common divisor of r and 288?
96
Suppose -180 = -l - 4*g, g + 308 + 52 = 2*l. What is the highest common factor of 840 and l?
60
Let f be (-9)/4*(-12)/9. Suppose -2*m + 60 = -2*r - 2*r, -f*m - 3*r = -54. Let j = 157 - m. What is the highest common divisor of j and 15?
15
Let a be 10/1 + -1 + 0. Let q be 4/(56/(-2))*-21. Suppose -i - 3*o = -63, 4*o + 178 - 28 = q*i. What is the greatest common factor of a and i?
9
Let l be (-2*1335)/(-6) + -1. Let s = -356 + l. Let a = 37 + -26. Calculate the greatest common divisor of a and s.
11
Suppose 3*s = -5*p + 112, -2*p + 4*p - 5*s - 20 = 0. Let o be (-20)/((-3)/(-27)*12/8). Let t = 150 + o. Calculate the highest common divisor of t and p.
10
Let f = 1658 - 1176. Suppose 2*q - 3*a = f, -1187 = -q - 4*q + 3*a. Calculate the greatest common divisor of 141 and q.
47
Let d(y) = -y**2 + 10*y - 1. Let m be d(7). What is the greatest common factor of 1016 and m?
4
Let k be 862/(-72)*-6 - (-2)/12. Suppose 34*p - 11971 = -955. What is the greatest common divisor of k and p?
36
Suppose -5*v = 4*n - 9621 - 16353, 2*n + 20748 = 4*v. What is the highest common divisor of 30 and v?
30
Suppose -101*x = -148*x + 74*x + 35*x - 4650. Let c be ((-6)/3)/(4/2). Let z be (c/(-2))/(2/120). Calculate the highest common factor of z and x.
15
Let a(r) = 165*r + 1285. Let q be a(-7). What is the highest common factor of q and 442?
26
Let n(s) = -555*s + 1690. Let r be n(-14). Calculate the greatest common divisor of 220 and r.
220
Let p = 251 + -218. Suppose -3*o + 39 = p. What is the greatest common factor of o and 7?
1
Suppose -23*y - 18 + 676 + 1412 = 0. Calculate the highest common divisor of 2010 and y.
30
Suppose 83*x - 94*x = -2695. Suppose -3*w = 4*p - x, p - 3*w + 15 = 80. Let d be -3 - -2 - (-94 - 0). Calculate the highest common divisor of d and p.
31
Let b be (16/4)/(-4) + 116. Let d = b - 121. Let j(l) = -l**3 - 2*l**2 + 8*l - 12. Let u be j(d). Calculate the highest common divisor of u and 4.
4
Let x = 3183 - 1473. Suppose -13*o + 31*o = x. What is the highest common divisor of 57 and o?
19
Suppose 0 = -t - 5*i + 8*i + 51, t - 4*i = 48. Suppose -11*p = -12*p, 5*y = -4*p + 450. Calculate the greatest common divisor of t and y.
30
Let l(d) = -22*d - 86. Let a be l(-5). Suppose 0 = 4*p - 29*x + a*x - 553, -3*p - 5*x = -371. Calculate the highest common divisor of p and 24.
12
Let p(f) = 54*f**2 - 5*f. Let x be p(6). Calculate the greatest common factor of 264 and x.
66
Let t(q) = q**2 + 9*q + 22. Let j be t(-5). Suppose 3*f + 5*b = -0*b + 31, -2*f - j*b + 22 = 0. What is the highest common factor of f and 156?
12
Let z(c) = -c**3 - 16*c**2 - 23*c - 18. Let h be z(-15). Suppose -5*r + 198 = -h. What is the greatest common factor of r and 50?
10
Let r(v) = -v**3 - 9*v**2 + 11*v - 18. Let c be r(-11). Let f = -103 + c. Suppose f*s + 7*s = 70. What is the greatest common divisor of s and 40?
10
Suppose -3*p + 13 = -122. Let v be 0 - 2 - (-122 - (5 + 420/(-21))). Calculate the greatest common divisor of v and p.
15
Suppose -6 + 22 = l. Suppose -l*j = -14*j - 350. Suppose -5*k + 402 + 42 = 4*x, 0 = 2*k - x - j. What is the greatest common factor of k and 22?
22
Let y = 6541 - 3840. What is the highest common factor of 146 and y?
73
Let k = -4265 + 11042. Calculate the greatest common factor of 27 and k.
27
Let h = 6364 - 6363. Calculate the highest common factor of 3 and h.
1
Let l(j) = -16*j + 114. Let k(s) = 6*s - 38. Let g(i) = -11*k(i) - 4*l(i). Let n be g(-31). What is the highest common divisor of n and 600?
24
Let z be (2 - -30)*110/44. What is the highest common divisor of z and 3824?
16
Let i = 16 - 12. Suppose i*v - 100 = 4. Suppose -5*n + 341 + 703 = 2*r, 3*n + r - 626 = 0. Calculate the greatest common divisor of v and n.
26
Suppose 2*c + 515*r - 517*r - 1636 = 0, -4*c + 3257 = r. Calculate the highest common divisor of c and 6683.
163
Suppose -4*t + 2*b = -1842, -1